sor of z and 24.
6
Suppose 5*p + 4*k = 80, p - 35 = 3*k - 0*k. What is the highest common divisor of p and 10?
10
Suppose 14 = -7*i + 413. Calculate the greatest common factor of i and 19.
19
Suppose -q + 48 = 3*i, 2*i = q + q - 120. Suppose -w + 11 = p, -p = -5*w - 4*p + q. What is the highest common factor of w and 2?
2
Let o = -3 + 7. Suppose 0 = o*f - 7 - 9. Suppose 20 = f*u - 28. Calculate the highest common divisor of u and 96.
12
Suppose -5*j + 9 = -h + 1, 2 = -3*h + 4*j. Suppose -b = b - 2, 2*c - 26 = h*b. What is the highest common divisor of 14 and c?
14
Suppose -2*p + 114 = 3*d, -d - 160 = -27*p + 24*p. What is the greatest common divisor of p and 6?
6
Let k = 31 - 57. Let m = k - -43. Suppose -v + m - 1 = 0. What is the greatest common factor of v and 40?
8
Let y(p) = p**2 + 9*p + 11. Let b be y(-8). Let i = 0 - b. Let z(r) = -14*r - 3. Let n be z(i). Calculate the greatest common divisor of 13 and n.
13
Suppose 5*q - 47 = -6*g + 2*g, -3*g + 9 = 0. Calculate the highest common factor of 189 and q.
7
Let r be (-6)/33 - (-31)/(-11) - -19. What is the greatest common divisor of r and 2?
2
Let i be (-4)/(-14) + 47/7. Let k(c) = -c**3 - 2*c**2 + 4*c + 1. Let f be k(-3). Let m be (-2 - f) + 189/3. What is the highest common factor of i and m?
7
Suppose 2*i + 10 = 4*i. Let x be (1 - -1) + (i - -3). What is the highest common factor of 2 and x?
2
Suppose 4*d - 4*u - 40 = -2*u, -d - u + 10 = 0. Suppose 2*z - d = -3*y + 1, 0 = 2*z + 4*y - 14. What is the greatest common factor of z and 3?
1
Let s = 34 - 17. Let a be (2 - 121)/(-1*1). Calculate the highest common divisor of a and s.
17
Let a be ((-3 - -4)/(-1))/(10/(-110)). Calculate the greatest common divisor of a and 121.
11
Let p be (4/(-5))/(2/(-10)). Suppose -5*k - p = -19. Let j be 1*(0 + 3) + 0. What is the highest common divisor of j and k?
3
Let o(h) = -h**2 + h + 18. Let b be o(0). Let u be (1 + -2)*3/3. Let c be 55 - (u + 4 + -2). Calculate the highest common factor of c and b.
18
Let j(w) = w**3 - 3*w**2 + w - 2. Let z be j(3). Let h be (0 - 1)/(-7 + 6). Let u be ((-3)/(-6)*6)/h. What is the greatest common factor of z and u?
1
Let x(u) = -u**3 + 3*u**2 + 1. Let i be x(3). Calculate the highest common divisor of i and 1.
1
Let s = -66 - -96. Let k(c) = 1 - 2 - 1 + 6*c. Let m be k(2). What is the highest common factor of s and m?
10
Let j be (18/(-3))/(0 + 2) + 6. What is the greatest common divisor of 12 and j?
3
Let n be 29/(-3) - (-8)/12. Let h = 0 - n. Calculate the greatest common factor of h and 36.
9
Let f be -2*(435/(-4) + (-12)/(-48)). Calculate the greatest common divisor of 31 and f.
31
Suppose 0 = 4*i - 3*i + 15. Let s be (24/i)/(4/(-30)). What is the greatest common factor of s and 36?
12
Suppose 5*h = 3*f + 723, 2*h = 7*h - 4*f - 719. Suppose 9 = b - 0*b + 3*n, -79 = -3*b + 4*n. What is the greatest common divisor of h and b?
21
Let i(x) = -x**2 + 15*x - 4. Let d = -7 + 21. Let y be i(d). Let o(p) = 5*p. Let h be o(4). What is the greatest common divisor of y and h?
10
Suppose 30 = 5*j - 0. Let x be (-166)/(-3) - j/(-9). Calculate the highest common divisor of x and 140.
28
Let u = 18 - -2. What is the greatest common divisor of 5 and u?
5
Suppose -8*v + 483 = -469. Calculate the highest common divisor of v and 7.
7
Suppose -69 + 29 = -4*c. What is the highest common divisor of c and 2?
2
Let g = 184 + -89. What is the greatest common divisor of g and 38?
19
Let n = 113 + -86. What is the greatest common divisor of n and 270?
27
Let v = -28 + 19. Let o(q) = -4*q + 8. Let l be o(v). What is the highest common factor of 11 and l?
11
Suppose o + 2*p = -3*o + 86, 0 = 5*o + 3*p - 106. Suppose -4*g = -8, 0*s - 5*s + o = 4*g. Calculate the greatest common divisor of s and 3.
3
Let k(g) = g**3 - 4*g**2 - 5*g + 6. Let z be k(5). What is the highest common divisor of 12 and z?
6
Let q = -5 + 12. Let u = 8 - q. What is the highest common divisor of u and 9?
1
Suppose -3*v = 6 + 90. Let s = v + 8. Let r be ((-3)/6)/(2/s). What is the greatest common divisor of 6 and r?
6
Suppose -3*l + 2*l + 2 = 0. Let k(b) = -b**2 + 10*b - 11. Let m be k(9). Let o be (l/(-3))/(m/36). Calculate the greatest common divisor of 24 and o.
12
Suppose -3*p - p = -n - 1147, 2*n = 5*p - 1430. Calculate the greatest common factor of p and 36.
36
Let j be 4/(-10) - (-24)/10. Suppose 2*y + 38 = 3*w, -w = -j*w - y + 16. What is the greatest common factor of w and 21?
7
Let z = 47 + 8. Suppose -61 + 15 = 2*f. Let u = f + 45. Calculate the highest common divisor of z and u.
11
Let g(v) = 2*v**2 - 3*v - 14. Let s be g(8). What is the highest common factor of s and 18?
18
Let h = -20 - -40. Let y = 26 - 16. What is the highest common divisor of y and h?
10
Let v = -77 - -169. Suppose -4*f - v - 268 = 0. Let x be (-2)/8 - f/8. What is the highest common divisor of x and 99?
11
Suppose -3*f + 26 + 28 = 0. Let p = 54 - 48. What is the highest common factor of f and p?
6
Suppose 3*r = -n + 24, 4*n = -3*r + n + 24. What is the highest common factor of r and 64?
8
Suppose -n = 4*j - 9 - 1, n - 1 = 5*j. What is the greatest common factor of 2 and n?
2
Suppose 0 = -4*s - s + 35. What is the highest common divisor of 14 and s?
7
Let f = 20 - -30. Calculate the highest common divisor of f and 10.
10
Let i = 31 - 17. Let f(b) = b**2 + 4*b + 4*b - 3 - 4. Let z be f(-9). What is the highest common divisor of z and i?
2
Let c(s) = -8*s - 1. Let t be c(-2). Let w be (-1 - 0) + (-28)/(-2). Suppose -w - 7 = -2*v. What is the highest common divisor of t and v?
5
Let k be (-4)/10 + 165/(-25). Let g(n) = n**2 + 8*n - 9. Let h be g(k). Let f be h/5*35/(-2). Calculate the highest common divisor of f and 14.
14
Suppose -j + 22 = 2*i - 7*i, -j + 22 = 4*i. What is the greatest common divisor of j and 22?
22
Let w = 82 + -80. Calculate the highest common factor of 1 and w.
1
Let l be (-1 + -3)*(-2 + 0). Let a(s) = 18*s**2. Let c be a(-2). What is the highest common divisor of c and l?
8
Suppose -5*i - 5*t = -35, -5*t = -0*i - 4*i - 8. What is the highest common factor of 3 and i?
3
Let y be (20/(-6) - -2)/(12/(-234)). What is the greatest common factor of y and 130?
26
Suppose -2*b + 140 = -4*h + 12, b - 52 = 5*h. What is the highest common divisor of b and 9?
9
Let v(q) = -q + 6. Let h be v(-6). What is the greatest common factor of h and 30?
6
Suppose -162 + 0 = -2*a. Calculate the greatest common divisor of a and 9.
9
Suppose -4*d + 2*m = -570, 4*m + 241 + 323 = 4*d. What is the highest common divisor of d and 8?
8
Let q be (-4)/16 - (-66)/8. Calculate the highest common divisor of q and 24.
8
Let v(n) = -n**3 + 11*n**2 + 13*n - 4. Let j be v(12). Calculate the greatest common factor of j and 32.
8
Suppose -5*i + 20 = 5. Suppose -i*w = -5 + 2. Calculate the highest common divisor of w and 1.
1
Suppose 4*k - 50 - 334 = 0. What is the greatest common divisor of 6 and k?
6
Suppose -2*j + d + 0*d + 5 = 0, j + 4*d - 7 = 0. What is the highest common divisor of 6 and j?
3
Let l = 52 - 48. What is the greatest common factor of l and 10?
2
Let b = 8 - 5. Suppose 0 = -o - 1 + 35. Let x = o - 22. What is the greatest common factor of b and x?
3
Let g be (-1)/((-86)/28 - -3). Let c be 8766/42 - (-4)/g. What is the greatest common factor of c and 19?
19
Let k = 2 + 0. Suppose m + 2*g = 6*m, k*m = -3*g + 19. Suppose m*i - 18 = i. Calculate the greatest common factor of i and 9.
9
Suppose 4*m + 16 = i, -5*i - 2*m - 24 + 60 = 0. What is the greatest common factor of 20 and i?
4
Suppose 15*t + 3748 = 9268. What is the highest common factor of 16 and t?
16
Let h = 18 + -10. Suppose 5*q - 3*p = 25, 3*p + 4 + 13 = q. Let l be 23/3 - q/(-6). Calculate the greatest common factor of h and l.
8
Let o be (2/(-6))/((-1)/12). Suppose -4*q = -2*p + o*p - 18, q - 5*p + 1 = 0. Let c = 14 - -2. Calculate the highest common factor of c and q.
4
Let b be (-16)/(-40) - 108/(-5). Calculate the highest common factor of 11 and b.
11
Let m be (9/6)/(6/8). Let h be (-15)/12*(1 + -9). Let t = 16 - h. What is the highest common factor of t and m?
2
Let s be (-9 - -1)/((-3)/12). Let c = 47 - s. Suppose 6*q - 3*q = c. Calculate the highest common divisor of 2 and q.
1
Suppose 4*q - 137 = -5*m, 56 + 78 = 5*m + 3*q. Calculate the highest common divisor of 15 and m.
5
Supp